{"id":93,"date":"2023-02-23T14:12:27","date_gmt":"2023-02-23T17:12:27","guid":{"rendered":"https:\/\/patiperro.cl\/viajes\/?page_id=1940"},"modified":"2025-04-11T19:18:51","modified_gmt":"2025-04-11T22:18:51","slug":"nosotros","status":"publish","type":"page","link":"https:\/\/patiperro.cl\/viajes\/nosotros\/","title":{"rendered":"Nosotros"},"content":{"rendered":"<section class=\"wpb-content-wrapper\"><p>[vc_row][vc_column icons_position=&#8221;left&#8221;][vc_empty_space height=&#8221;8.3em&#8221; alter_height=&#8221;none&#8221; hide_on_desktop=&#8221;&#8221; hide_on_notebook=&#8221;1&#8243; hide_on_tablet=&#8221;1&#8243; hide_on_mobile=&#8221;1&#8243;][vc_empty_space height=&#8221;7em&#8221; alter_height=&#8221;none&#8221; hide_on_desktop=&#8221;1&#8243; hide_on_notebook=&#8221;&#8221; hide_on_tablet=&#8221;1&#8243; hide_on_mobile=&#8221;1&#8243;][vc_empty_space height=&#8221;4em&#8221; alter_height=&#8221;none&#8221; hide_on_desktop=&#8221;1&#8243; hide_on_notebook=&#8221;1&#8243; hide_on_tablet=&#8221;&#8221; hide_on_mobile=&#8221;&#8221;]<div  id=\"sc_promo_80467909\" \r\n\tclass=\"sc_promo sc_promo_default sc_promo_size_normal sc_promo_no_paddings sc_promo_image_position_left\"><div class=\"sc_promo_image\" style=\"background-image:url(https:\/\/patiperro.cl\/viajes\/wp-content\/uploads\/2022\/12\/Nosotros_Patiperro_1-1.jpg);width:47%;left: 0;\"><\/div><!-- \/.sc_promo_image --><div class=\"sc_promo_text\" style=\"width: 53%;float: right;\">\r\n\t\t\t<div class=\"sc_promo_text_inner trx_addons_inline_2000015264\"><h6 class=\"sc_item_subtitle sc_promo_subtitle sc_align_left sc_item_title_style_decor\">Patiperro<\/h6><h1 class=\"sc_item_title sc_promo_title sc_align_left sc_item_title_style_decor sc_item_title_tag\">\u00a1Qu\u00e9 hacemos!<\/h1><div class=\"sc_item_descr sc_promo_descr sc_align_left\"><p>Sabemos que cada viaje es una experiencia \u00fanica. Nuestros clientes son hombre y mujeres, pero especialmente nos enfocamos en ellas, no solo se trata de viajar en grupo, sino que cada una de las mujeres viajeras sean el componente esencial para que la experiencia de convierta en un recuerdo inolvidable.<\/p>\n<\/div><\/div>\r\n\t\t<\/div><!-- \/.sc_promo_text --><\/div><!-- \/.sc_promo -->[vc_empty_space height=&#8221;4em&#8221; alter_height=&#8221;none&#8221; hide_on_desktop=&#8221;1&#8243; hide_on_notebook=&#8221;1&#8243; hide_on_tablet=&#8221;&#8221; hide_on_mobile=&#8221;&#8221;][vc_empty_space height=&#8221;7em&#8221; alter_height=&#8221;none&#8221; hide_on_desktop=&#8221;1&#8243; hide_on_notebook=&#8221;&#8221; hide_on_tablet=&#8221;1&#8243; hide_on_mobile=&#8221;1&#8243;][vc_empty_space height=&#8221;5em&#8221; alter_height=&#8221;none&#8221; hide_on_desktop=&#8221;&#8221; hide_on_notebook=&#8221;1&#8243; hide_on_tablet=&#8221;1&#8243; hide_on_mobile=&#8221;1&#8243;][vc_column_text]<\/p>\n<blockquote><p>&#8220;Nos vamos con desconocidas y volvemos amigas&#8221;<\/p><\/blockquote>\n<p>Buscamos clientas \u00e1vidas de conocer nuevas culturas y &#8220;vivir&#8221;. Por eso nuestros viajes contemplan tours vivenciales de cocina, clases de artesan\u00eda, comida en casa de familias, visitas a mercados t\u00edpicos y m\u00e1s.<\/p>\n<p><strong>\u00a1Conoce y comparte!<\/strong><\/p>\n<p>No es necesario tener una edad determinada ni ninguna caracter\u00edstica especial, nuestras clientas son siempre especiales y \u00fanicas por el mero hecho de formar parte de nuestras aventuras.<\/p>\n<p>El \u00fanico requisito que debes reunir es tener ganas de viajar, vivir nuevas experiencias y compartirla con el resto de mujeres viajeras.<\/p>\n<p><strong>Puedes unirte sola o acompa\u00f1ada.<\/strong><\/p>\n<p>Estos viajes son la oportunidad de conocer a otras mujeres y compartir las experiencias de forma segura.<\/p>\n<p>Para familias y parejas est\u00e1 la secci\u00f3n \u201c<a href=\"\/desarrollopatiperro\/services_group\/mundo\/\">Mundo<\/a>\u201d y \u201c<a href=\"\/desarrollopatiperro\/services_group\/chile\/\">Chile<\/a>\u201d, salidas con fechas programadas y con casi todo resuelto para que no te preocupes solo de disfrutar, despu\u00e9s de hacer la maleta.<\/p>\n<p><span class=\"Apple-converted-space\">\u00a0<\/span>Y si eres de los que le gusta armar su propio viaje, pero quieres el respaldo de la experiencia en viaje, revisa los servicios de asesor\u00eda que te ofrecemos en la secci\u00f3n <strong>\u201c<a href=\"https:\/\/patiperro.cl\/web2\/servicios\/\">Servicios<\/a>\u201d<\/strong>[\/vc_column_text][\/vc_column][\/vc_row][vc_row][vc_column icons_position=&#8221;left&#8221;][vc_empty_space height=&#8221;5em&#8221; alter_height=&#8221;none&#8221; hide_on_desktop=&#8221;&#8221; hide_on_notebook=&#8221;1&#8243; hide_on_tablet=&#8221;1&#8243; hide_on_mobile=&#8221;1&#8243;][vc_empty_space height=&#8221;7em&#8221; alter_height=&#8221;none&#8221; hide_on_desktop=&#8221;1&#8243; hide_on_notebook=&#8221;&#8221; hide_on_tablet=&#8221;1&#8243; hide_on_mobile=&#8221;1&#8243;][vc_empty_space height=&#8221;4em&#8221; alter_height=&#8221;none&#8221; hide_on_desktop=&#8221;1&#8243; hide_on_notebook=&#8221;1&#8243; hide_on_tablet=&#8221;&#8221; hide_on_mobile=&#8221;&#8221;]<div id=\"sc_title_972046828\"\r\n\t\tclass=\"sc_title sc_title_decor\"><h1 class=\"sc_item_title sc_title_title sc_align_left sc_item_title_style_decor sc_item_title_tag\">Empresa<\/h1><\/div><!-- \/.sc_title -->[vc_empty_space height=&#8221;1.3em&#8221; alter_height=&#8221;none&#8221; hide_on_desktop=&#8221;&#8221; hide_on_notebook=&#8221;&#8221; hide_on_tablet=&#8221;&#8221; hide_on_mobile=&#8221;&#8221;][vc_row_inner][vc_column_inner width=&#8221;1\/2&#8243; icons_position=&#8221;left&#8221;]<div id=\"sc_title_2010705880\"\r\n\t\tclass=\"sc_title sc_title_default\"><h5 class=\"sc_item_title sc_title_title sc_align_left sc_item_title_style_default sc_item_title_tag\">Historia<\/h5><\/div><!-- \/.sc_title -->[vc_empty_space height=&#8221;12px&#8221; alter_height=&#8221;none&#8221; hide_on_desktop=&#8221;&#8221; hide_on_notebook=&#8221;&#8221; hide_on_tablet=&#8221;&#8221; hide_on_mobile=&#8221;&#8221;][vc_column_text]Patiperro Viajes, nace el a\u00f1o 2009, La historia de su due\u00f1a, <strong>Claudia Weippert<\/strong>, parte el a\u00f1o 1992, cuando despu\u00e9s de titularse de t\u00e9cnica en turismo en Inacap, decide trabajar en la agencia de viajes de su familia y viajar. Esto, hasta el a\u00f1o 2009 cuando decide desvincularse de la agencia en la cual trabaj\u00f3 m\u00e1s de 15 a\u00f1os y formar su propia empresa. Apoyada en la experiencia y clientela que ha adquirido con tanto tiempo en el negocio de los viajes.[\/vc_column_text][\/vc_column_inner][vc_column_inner width=&#8221;1\/2&#8243; icons_position=&#8221;left&#8221;][vc_empty_space height=&#8221;2em&#8221; alter_height=&#8221;none&#8221; hide_on_desktop=&#8221;1&#8243; hide_on_notebook=&#8221;1&#8243; hide_on_tablet=&#8221;1&#8243; hide_on_mobile=&#8221;&#8221;]<div id=\"sc_title_483529316\"\r\n\t\tclass=\"sc_title sc_title_default\"><h5 class=\"sc_item_title sc_title_title sc_align_left sc_item_title_style_default sc_item_title_tag\">\u00bfQu\u00e9 significa <b> Patiperro<\/b>?<\/h5><\/div><!-- \/.sc_title -->[vc_empty_space height=&#8221;12px&#8221; alter_height=&#8221;none&#8221; hide_on_desktop=&#8221;&#8221; hide_on_notebook=&#8221;&#8221; hide_on_tablet=&#8221;&#8221; hide_on_mobile=&#8221;&#8221;][vc_column_text]Uso coloquial en Chile para referirse a personas muy aficionadas a pasear, viajar.<\/p>\n<p>Sin\u00f3nimo andador, trotamundos.[\/vc_column_text][\/vc_column_inner][\/vc_row_inner][vc_empty_space height=&#8221;4em&#8221; alter_height=&#8221;none&#8221; hide_on_desktop=&#8221;1&#8243; hide_on_notebook=&#8221;1&#8243; hide_on_tablet=&#8221;&#8221; hide_on_mobile=&#8221;&#8221;][vc_empty_space height=&#8221;7em&#8221; alter_height=&#8221;none&#8221; hide_on_desktop=&#8221;1&#8243; hide_on_notebook=&#8221;&#8221; hide_on_tablet=&#8221;1&#8243; hide_on_mobile=&#8221;1&#8243;][vc_empty_space height=&#8221;8em&#8221; alter_height=&#8221;none&#8221; hide_on_desktop=&#8221;&#8221; hide_on_notebook=&#8221;1&#8243; hide_on_tablet=&#8221;1&#8243; hide_on_mobile=&#8221;1&#8243;][\/vc_column][\/vc_row][vc_row full_width=&#8221;stretch_row&#8221; scheme=&#8221;dark&#8221; hide_bg_image_on_tablet=&#8221;&#8221; hide_bg_image_on_mobile=&#8221;&#8221; shape_divider_top_front=&#8221;&#8221; shape_divider_bottom_front=&#8221;&#8221; row_delimiter=&#8221;&#8221; hide_on_desktop=&#8221;&#8221; hide_on_notebook=&#8221;&#8221; hide_on_tablet=&#8221;&#8221; hide_on_mobile=&#8221;&#8221; hide_on_frontpage=&#8221;&#8221; css=&#8221;.vc_custom_1672897171474{background-color: #bd3d11 !important;background-size: cover !important;}&#8221;][vc_column icons_position=&#8221;left&#8221;][vc_empty_space height=&#8221;7.7em&#8221; alter_height=&#8221;none&#8221; hide_on_desktop=&#8221;&#8221; hide_on_notebook=&#8221;1&#8243; hide_on_tablet=&#8221;1&#8243; hide_on_mobile=&#8221;1&#8243;][vc_empty_space height=&#8221;7em&#8221; alter_height=&#8221;none&#8221; hide_on_desktop=&#8221;1&#8243; hide_on_notebook=&#8221;&#8221; hide_on_tablet=&#8221;1&#8243; hide_on_mobile=&#8221;1&#8243;][vc_empty_space height=&#8221;4em&#8221; alter_height=&#8221;none&#8221; hide_on_desktop=&#8221;1&#8243; hide_on_notebook=&#8221;1&#8243; hide_on_tablet=&#8221;&#8221; hide_on_mobile=&#8221;&#8221;]<div id=\"sc_title_588622211\"\r\n\t\tclass=\"sc_title scheme_dark sc_title_default\"><h1 class=\"sc_item_title sc_title_title sc_align_left sc_item_title_style_default sc_item_title_tag\">Prop\u00f3sito<\/h1><\/div><!-- \/.sc_title -->[vc_empty_space height=&#8221;2.5em&#8221; alter_height=&#8221;none&#8221; hide_on_desktop=&#8221;&#8221; hide_on_notebook=&#8221;&#8221; hide_on_tablet=&#8221;&#8221; hide_on_mobile=&#8221;&#8221;][vc_column_text]Atenci\u00f3n personalizada, cercana y emotiva, detectar las necesidades, gustos y deseos de cada uno de los viajeros que participen en la experiencia.<span class=\"Apple-converted-space\">\u00a0<\/span><\/p>\n<p>Sabemos que visitar un pa\u00eds que se conoce por primera vez puede generar miedo e incertidumbre. Es por esto la importancia de un experto que pueda guiar, acompa\u00f1ar en su traves\u00eda y que siempre puede ayudarles a solucionar problem\u00e1ticas en destino. <span class=\"Apple-converted-space\">\u00a0<\/span><\/p>\n<p>Se trabaja junto a un equipo colaborativo que se extiende por todo el mundo y nos conecta con una gran red de proveedores de servicios tur\u00edsticos que nos permiten dise\u00f1ar viajes a casi cualquier lugar del planeta.<span class=\"Apple-converted-space\">\u00a0<\/span><\/p>\n<blockquote><p>\u201cHacemos tus sue\u00f1os realidad\u201d<\/p><\/blockquote>\n<p>[\/vc_column_text][vc_empty_space height=&#8221;4em&#8221; alter_height=&#8221;none&#8221; hide_on_desktop=&#8221;1&#8243; hide_on_notebook=&#8221;1&#8243; hide_on_tablet=&#8221;&#8221; hide_on_mobile=&#8221;&#8221;][vc_empty_space height=&#8221;7em&#8221; alter_height=&#8221;none&#8221; hide_on_desktop=&#8221;1&#8243; hide_on_notebook=&#8221;&#8221; hide_on_tablet=&#8221;1&#8243; hide_on_mobile=&#8221;1&#8243;][vc_empty_space height=&#8221;8.3em&#8221; alter_height=&#8221;none&#8221; hide_on_desktop=&#8221;&#8221; hide_on_notebook=&#8221;1&#8243; hide_on_tablet=&#8221;1&#8243; hide_on_mobile=&#8221;1&#8243;][\/vc_column][\/vc_row][vc_row][vc_column icons_position=&#8221;left&#8221;][vc_empty_space height=&#8221;1.1em&#8221; alter_height=&#8221;none&#8221; hide_on_desktop=&#8221;&#8221; hide_on_notebook=&#8221;&#8221; hide_on_tablet=&#8221;&#8221; hide_on_mobile=&#8221;&#8221;][vc_empty_space height=&#8221;4em&#8221; alter_height=&#8221;none&#8221; hide_on_desktop=&#8221;1&#8243; hide_on_notebook=&#8221;1&#8243; hide_on_tablet=&#8221;&#8221; hide_on_mobile=&#8221;&#8221;][vc_empty_space height=&#8221;7em&#8221; alter_height=&#8221;none&#8221; hide_on_desktop=&#8221;1&#8243; hide_on_notebook=&#8221;&#8221; hide_on_tablet=&#8221;1&#8243; hide_on_mobile=&#8221;1&#8243;][vc_empty_space height=&#8221;8.3em&#8221; alter_height=&#8221;none&#8221; hide_on_desktop=&#8221;&#8221; hide_on_notebook=&#8221;1&#8243; hide_on_tablet=&#8221;1&#8243; hide_on_mobile=&#8221;1&#8243;][\/vc_column][\/vc_row][vc_row][vc_column icons_position=&#8221;left&#8221;][vc_empty_space height=&#8221;8.3em&#8221; alter_height=&#8221;none&#8221; hide_on_desktop=&#8221;&#8221; hide_on_notebook=&#8221;1&#8243; hide_on_tablet=&#8221;1&#8243; hide_on_mobile=&#8221;1&#8243;][vc_empty_space height=&#8221;7em&#8221; alter_height=&#8221;none&#8221; hide_on_desktop=&#8221;1&#8243; hide_on_notebook=&#8221;&#8221; hide_on_tablet=&#8221;1&#8243; hide_on_mobile=&#8221;1&#8243;][vc_empty_space height=&#8221;4em&#8221; alter_height=&#8221;none&#8221; hide_on_desktop=&#8221;1&#8243; hide_on_notebook=&#8221;1&#8243; hide_on_tablet=&#8221;&#8221; hide_on_mobile=&#8221;&#8221;][\/vc_column][\/vc_row]<\/p>\n<\/section>","protected":false},"excerpt":{"rendered":"<p>[vc_row][vc_column icons_position=&#8221;left&#8221;][vc_empty_space height=&#8221;8.3em&#8221; alter_height=&#8221;none&#8221; hide_on_desktop=&#8221;&#8221; hide_on_notebook=&#8221;1&#8243; hide_on_tablet=&#8221;1&#8243; hide_on_mobile=&#8221;1&#8243;][vc_empty_space height=&#8221;7em&#8221; alter_height=&#8221;none&#8221; hide_on_desktop=&#8221;1&#8243; hide_on_notebook=&#8221;&#8221; hide_on_tablet=&#8221;1&#8243; hide_on_mobile=&#8221;1&#8243;][vc_empty_space height=&#8221;4em&#8221; alter_height=&#8221;none&#8221; hide_on_desktop=&#8221;1&#8243; hide_on_notebook=&#8221;1&#8243; hide_on_tablet=&#8221;&#8221; hide_on_mobile=&#8221;&#8221;][vc_empty_space height=&#8221;4em&#8221; alter_height=&#8221;none&#8221; hide_on_desktop=&#8221;1&#8243; hide_on_notebook=&#8221;1&#8243; hide_on_tablet=&#8221;&#8221; hide_on_mobile=&#8221;&#8221;][vc_empty_space height=&#8221;7em&#8221; alter_height=&#8221;none&#8221; hide_on_desktop=&#8221;1&#8243; hide_on_notebook=&#8221;&#8221; hide_on_tablet=&#8221;1&#8243; hide_on_mobile=&#8221;1&#8243;][vc_empty_space height=&#8221;5em&#8221; alter_height=&#8221;none&#8221; hide_on_desktop=&#8221;&#8221; hide_on_notebook=&#8221;1&#8243; hide_on_tablet=&#8221;1&#8243; hide_on_mobile=&#8221;1&#8243;][vc_column_text] &#8220;Nos vamos con desconocidas y volvemos amigas&#8221; Buscamos clientas \u00e1vidas de conocer nuevas culturas y &#8220;vivir&#8221;. Por eso nuestros viajes contemplan tours&hellip;<\/p>\n","protected":false},"author":1,"featured_media":0,"parent":0,"menu_order":0,"comment_status":"closed","ping_status":"closed","template":"","meta":{"footnotes":""},"class_list":["post-93","page","type-page","status-publish","hentry"],"yoast_head":"<!-- This site is optimized with the Yoast SEO plugin v20.3 - https:\/\/yoast.com\/wordpress\/plugins\/seo\/ -->\r\n<title>Agencia de viajes y turismo - Patiperro Viajes<\/title>\r\n<meta name=\"description\" content=\"En Patiperro Viajes, nuestra misi\u00f3n es brindar experiencias de viaje \u00fanicas e inolvidables a nuestros clientes. Estamos comprometidos con la excelencia en el servicio y la satisfacci\u00f3n del cliente y nos enorgullece ser tu compa\u00f1ero de viaje.\" \/>\r\n<meta name=\"robots\" content=\"index, follow, max-snippet:-1, max-image-preview:large, max-video-preview:-1\" \/>\r\n<link rel=\"canonical\" href=\"https:\/\/patiperro.cl\/viajes\/nosotros\/\" \/>\r\n<meta property=\"og:locale\" content=\"es_ES\" \/>\r\n<meta property=\"og:type\" content=\"article\" \/>\r\n<meta property=\"og:title\" content=\"Agencia de viajes y turismo - Patiperro Viajes\" \/>\r\n<meta property=\"og:description\" content=\"En Patiperro Viajes, nuestra misi\u00f3n es brindar experiencias de viaje \u00fanicas e inolvidables a nuestros clientes. Estamos comprometidos con la excelencia en el servicio y la satisfacci\u00f3n del cliente y nos enorgullece ser tu compa\u00f1ero de viaje.\" \/>\r\n<meta property=\"og:url\" content=\"https:\/\/patiperro.cl\/viajes\/nosotros\/\" \/>\r\n<meta property=\"og:site_name\" content=\"Patiperro Viajes\" \/>\r\n<meta property=\"article:modified_time\" content=\"2025-04-11T22:18:51+00:00\" \/>\r\n<meta name=\"twitter:card\" content=\"summary_large_image\" \/>\r\n<meta name=\"twitter:label1\" content=\"Est. reading time\" \/>\n\t<meta name=\"twitter:data1\" content=\"4 minutos\" \/>\r\n<script type=\"application\/ld+json\" class=\"yoast-schema-graph\">{\"@context\":\"https:\/\/schema.org\",\"@graph\":[{\"@type\":\"WebPage\",\"@id\":\"https:\/\/patiperro.cl\/viajes\/nosotros\/\",\"url\":\"https:\/\/patiperro.cl\/viajes\/nosotros\/\",\"name\":\"Agencia de viajes y turismo - Patiperro Viajes\",\"isPartOf\":{\"@id\":\"https:\/\/patiperro.cl\/viajes\/#website\"},\"datePublished\":\"2023-02-23T17:12:27+00:00\",\"dateModified\":\"2025-04-11T22:18:51+00:00\",\"description\":\"En Patiperro Viajes, nuestra misi\u00f3n es brindar experiencias de viaje \u00fanicas e inolvidables a nuestros clientes. Estamos comprometidos con la excelencia en el servicio y la satisfacci\u00f3n del cliente y nos enorgullece ser tu compa\u00f1ero de viaje.\",\"breadcrumb\":{\"@id\":\"https:\/\/patiperro.cl\/viajes\/nosotros\/#breadcrumb\"},\"inLanguage\":\"es-CL\",\"potentialAction\":[{\"@type\":\"ReadAction\",\"target\":[\"https:\/\/patiperro.cl\/viajes\/nosotros\/\"]}]},{\"@type\":\"BreadcrumbList\",\"@id\":\"https:\/\/patiperro.cl\/viajes\/nosotros\/#breadcrumb\",\"itemListElement\":[{\"@type\":\"ListItem\",\"position\":1,\"name\":\"Portada\",\"item\":\"https:\/\/patiperro.cl\/viajes\/\"},{\"@type\":\"ListItem\",\"position\":2,\"name\":\"Nosotros\"}]},{\"@type\":\"WebSite\",\"@id\":\"https:\/\/patiperro.cl\/viajes\/#website\",\"url\":\"https:\/\/patiperro.cl\/viajes\/\",\"name\":\"Patiperro Viajes\",\"description\":\"\",\"potentialAction\":[{\"@type\":\"SearchAction\",\"target\":{\"@type\":\"EntryPoint\",\"urlTemplate\":\"https:\/\/patiperro.cl\/viajes\/?s={search_term_string}\"},\"query-input\":\"required name=search_term_string\"}],\"inLanguage\":\"es-CL\"}]}<\/script>\r\n<!-- \/ Yoast SEO plugin. -->","yoast_head_json":{"title":"Agencia de viajes y turismo - Patiperro Viajes","description":"En Patiperro Viajes, nuestra misi\u00f3n es brindar experiencias de viaje \u00fanicas e inolvidables a nuestros clientes. Estamos comprometidos con la excelencia en el servicio y la satisfacci\u00f3n del cliente y nos enorgullece ser tu compa\u00f1ero de viaje.","robots":{"index":"index","follow":"follow","max-snippet":"max-snippet:-1","max-image-preview":"max-image-preview:large","max-video-preview":"max-video-preview:-1"},"canonical":"https:\/\/patiperro.cl\/viajes\/nosotros\/","og_locale":"es_ES","og_type":"article","og_title":"Agencia de viajes y turismo - Patiperro Viajes","og_description":"En Patiperro Viajes, nuestra misi\u00f3n es brindar experiencias de viaje \u00fanicas e inolvidables a nuestros clientes. Estamos comprometidos con la excelencia en el servicio y la satisfacci\u00f3n del cliente y nos enorgullece ser tu compa\u00f1ero de viaje.","og_url":"https:\/\/patiperro.cl\/viajes\/nosotros\/","og_site_name":"Patiperro Viajes","article_modified_time":"2025-04-11T22:18:51+00:00","twitter_card":"summary_large_image","twitter_misc":{"Est. reading time":"4 minutos"},"schema":{"@context":"https:\/\/schema.org","@graph":[{"@type":"WebPage","@id":"https:\/\/patiperro.cl\/viajes\/nosotros\/","url":"https:\/\/patiperro.cl\/viajes\/nosotros\/","name":"Agencia de viajes y turismo - Patiperro Viajes","isPartOf":{"@id":"https:\/\/patiperro.cl\/viajes\/#website"},"datePublished":"2023-02-23T17:12:27+00:00","dateModified":"2025-04-11T22:18:51+00:00","description":"En Patiperro Viajes, nuestra misi\u00f3n es brindar experiencias de viaje \u00fanicas e inolvidables a nuestros clientes. Estamos comprometidos con la excelencia en el servicio y la satisfacci\u00f3n del cliente y nos enorgullece ser tu compa\u00f1ero de viaje.","breadcrumb":{"@id":"https:\/\/patiperro.cl\/viajes\/nosotros\/#breadcrumb"},"inLanguage":"es-CL","potentialAction":[{"@type":"ReadAction","target":["https:\/\/patiperro.cl\/viajes\/nosotros\/"]}]},{"@type":"BreadcrumbList","@id":"https:\/\/patiperro.cl\/viajes\/nosotros\/#breadcrumb","itemListElement":[{"@type":"ListItem","position":1,"name":"Portada","item":"https:\/\/patiperro.cl\/viajes\/"},{"@type":"ListItem","position":2,"name":"Nosotros"}]},{"@type":"WebSite","@id":"https:\/\/patiperro.cl\/viajes\/#website","url":"https:\/\/patiperro.cl\/viajes\/","name":"Patiperro Viajes","description":"","potentialAction":[{"@type":"SearchAction","target":{"@type":"EntryPoint","urlTemplate":"https:\/\/patiperro.cl\/viajes\/?s={search_term_string}"},"query-input":"required name=search_term_string"}],"inLanguage":"es-CL"}]}},"_links":{"self":[{"href":"https:\/\/patiperro.cl\/viajes\/wp-json\/wp\/v2\/pages\/93","targetHints":{"allow":["GET"]}}],"collection":[{"href":"https:\/\/patiperro.cl\/viajes\/wp-json\/wp\/v2\/pages"}],"about":[{"href":"https:\/\/patiperro.cl\/viajes\/wp-json\/wp\/v2\/types\/page"}],"author":[{"embeddable":true,"href":"https:\/\/patiperro.cl\/viajes\/wp-json\/wp\/v2\/users\/1"}],"replies":[{"embeddable":true,"href":"https:\/\/patiperro.cl\/viajes\/wp-json\/wp\/v2\/comments?post=93"}],"version-history":[{"count":3,"href":"https:\/\/patiperro.cl\/viajes\/wp-json\/wp\/v2\/pages\/93\/revisions"}],"predecessor-version":[{"id":825,"href":"https:\/\/patiperro.cl\/viajes\/wp-json\/wp\/v2\/pages\/93\/revisions\/825"}],"wp:attachment":[{"href":"https:\/\/patiperro.cl\/viajes\/wp-json\/wp\/v2\/media?parent=93"}],"curies":[{"name":"wp","href":"https:\/\/api.w.org\/{rel}","templated":true}]}}