{"id":297,"date":"2023-02-15T15:12:51","date_gmt":"2023-02-15T18:12:51","guid":{"rendered":"https:\/\/patiperro.cl\/viajes\/?page_id=297"},"modified":"2023-07-10T22:50:18","modified_gmt":"2023-07-11T01:50:18","slug":"servicios","status":"publish","type":"page","link":"https:\/\/patiperro.cl\/viajes\/servicios\/","title":{"rendered":"Servicios"},"content":{"rendered":"<section class=\"wpb-content-wrapper\"><p>[vc_row][vc_column icons_position=&#8221;left&#8221;][vc_empty_space height=&#8221;4em&#8221; alter_height=&#8221;none&#8221; hide_on_desktop=&#8221;&#8221; hide_on_notebook=&#8221;&#8221; hide_on_tablet=&#8221;&#8221; hide_on_mobile=&#8221;&#8221;][\/vc_column][\/vc_row][vc_row][vc_column icons_position=&#8221;left&#8221;][vc_empty_space height=&#8221;4em&#8221; alter_height=&#8221;none&#8221; hide_on_desktop=&#8221;1&#8243; hide_on_notebook=&#8221;1&#8243; hide_on_tablet=&#8221;&#8221; hide_on_mobile=&#8221;&#8221;][\/vc_column][\/vc_row][vc_row][vc_column icons_position=&#8221;left&#8221;]<div id=\"sc_title_2008094219\"\r\n\t\tclass=\"sc_title sc_title_decor\"><h6 class=\"sc_item_subtitle sc_title_subtitle sc_align_center sc_item_title_style_decor\">Asesor\u00eda<\/h6><h2 class=\"sc_item_title sc_title_title sc_align_center sc_item_title_style_decor sc_item_title_tag\">Personalizada<\/h2><div class=\"sc_item_descr sc_title_descr sc_align_center\"><p>Prepara tu viaje con una experta y olv\u00eddate de preocupaciones.<\/p>\n<\/div><\/div><!-- \/.sc_title -->[vc_empty_space height=&#8221;&#8221; hide_on_desktop=&#8221;&#8221; hide_on_notebook=&#8221;&#8221; hide_on_tablet=&#8221;&#8221; hide_on_mobile=&#8221;&#8221;]<div  id=\"sc_price_1421628301\" \r\n\tclass=\"sc_price sc_price_default\"><div class=\"sc_price_columns_wrap sc_item_columns trx_addons_columns_wrap columns_padding_bottom\"><div class=\"trx_addons_column-1_3\"><div class=\"sc_price_item sc_price_item_default\">\r\n\t\t\t<div class=\"sc_price_item_info\"><h6 class=\"sc_price_item_subtitle\"><span>Gesti\u00f3n<\/span><\/h6><h3 class=\"sc_price_item_title\"><span>Consulta de viaje a medida<\/span><\/h3><div class=\"sc_price_item_details\"><ul>\n<li> Agendamos una reuni\u00f3n de media hora para entender tus preferencias y requisitos de viaje, sugerir destinos de acuerdo al clima, situaci\u00f3n sanitaria, pol\u00edtica, atractivos tur\u00edsticos, tipo de hoteles, preferencias de l\u00edneas a\u00e9reas y vuelos. Revisamos la documentaci\u00f3n necesaria, seguros de viajes, etc.  <\/li>\n<li> En base a esta conversaci\u00f3n se elabora un presupuesto y se env\u00eda por correo electr\u00f3nico en el plazo estipulado.   <\/li>\n<li>  El pasajero debe responder si acepta o rechaza el presupuesto. En cualquiera de los dos casos, el valor de la consulta no se reintegra.  <\/li>\n<li>  Valor consulta: $30.OOO  <\/li>\n<\/ul><\/div><div class='sc_price_item_link_wrap'><a href=\"https:\/\/www.webpay.cl\/form-pay\/71013\" class=\"sc_price_item_link sc_button\" target=\"_blank\">Ir la pago<\/a><\/div><\/div><!-- \/.sc_price_item_info --><\/div><\/div><div class=\"trx_addons_column-1_3\"><div class=\"sc_price_item sc_price_item_default\">\r\n\t\t\t<div class=\"sc_price_item_info\"><h6 class=\"sc_price_item_subtitle\"><span>Gesti\u00f3n<\/span><\/h6><h3 class=\"sc_price_item_title\"><span>Reserva y\/o compra de pasajes a\u00e9reos<\/span><\/h3><div class=\"sc_price_item_details\"><ul>\n<li> Reuni\u00f3n de 30 minutos en l\u00ednea con un experto en viajes, quien busca y reserva el vuelo m\u00e1s conveniente para ti en t\u00e9rminos de precio, fechas, escalas y duraci\u00f3n, compartiendo pantalla con el pasajero para que vaya viendo el proceso. Esto termina con la compra siempre y cuando el pasajero as\u00ed lo desee. Si el pasajero no desea realizar la compra, el valor de la consulta no se reintegra. <\/li>\n<li>  Valor por pasajero: $40.OOO  <\/li>\n<\/ul><\/div><div class='sc_price_item_link_wrap'><a href=\"https:\/\/www.webpay.cl\/form-pay\/65708\" class=\"sc_price_item_link sc_button\" target=\"_blank\">Ir la pago<\/a><\/div><\/div><!-- \/.sc_price_item_info --><\/div><\/div><div class=\"trx_addons_column-1_3\"><div class=\"sc_price_item sc_price_item_default\">\r\n\t\t\t<div class=\"sc_price_item_info\"><h6 class=\"sc_price_item_subtitle\"><span>Gesti\u00f3n<\/span><\/h6><h3 class=\"sc_price_item_title\"><span>Tr\u00e1mite de visa<\/span><\/h3><div class=\"sc_price_item_details\"><ul>\n<li> Con pasaporte en mano, la agencia gestiona la visa del pa\u00eds que corresponda, por ejemplo, para India, China, Estados Unidos, Canad\u00e1 y Cuba. Se mantiene informado sobre el proceso. Este valor no incluye el costo que cada pa\u00eds cobra al pasajero por la visa. La agencia no garantiza la obtenci\u00f3n de la visa. Si la visa es denegada, no se restituye el valor del tr\u00e1mite.  <\/li>\n<li>  Valor por pasajero: $50.OOO  <\/li>\n<\/ul><\/div><div class='sc_price_item_link_wrap'><a href=\"https:\/\/www.webpay.cl\/form-pay\/65708\" class=\"sc_price_item_link sc_button\" target=\"_blank\">Ir la pago<\/a><\/div><\/div><!-- \/.sc_price_item_info --><\/div><\/div><\/div><\/div><!-- \/.sc_price -->[vc_empty_space height=&#8221;&#8221; hide_on_desktop=&#8221;&#8221; hide_on_notebook=&#8221;&#8221; hide_on_tablet=&#8221;&#8221; hide_on_mobile=&#8221;&#8221;][\/vc_column][\/vc_row][vc_row][vc_column icons_position=&#8221;left&#8221;][vc_empty_space height=&#8221;4.5em&#8221; alter_height=&#8221;none&#8221; hide_on_desktop=&#8221;&#8221; hide_on_notebook=&#8221;&#8221; hide_on_tablet=&#8221;&#8221; hide_on_mobile=&#8221;&#8221;][\/vc_column][\/vc_row]<\/p>\n<\/section>","protected":false},"excerpt":{"rendered":"<p>[vc_row][vc_column icons_position=&#8221;left&#8221;][vc_empty_space height=&#8221;4em&#8221; alter_height=&#8221;none&#8221; hide_on_desktop=&#8221;&#8221; hide_on_notebook=&#8221;&#8221; hide_on_tablet=&#8221;&#8221; hide_on_mobile=&#8221;&#8221;][\/vc_column][\/vc_row][vc_row][vc_column icons_position=&#8221;left&#8221;][vc_empty_space height=&#8221;4em&#8221; alter_height=&#8221;none&#8221; hide_on_desktop=&#8221;1&#8243; hide_on_notebook=&#8221;1&#8243; hide_on_tablet=&#8221;&#8221; hide_on_mobile=&#8221;&#8221;][\/vc_column][\/vc_row][vc_row][vc_column icons_position=&#8221;left&#8221;][vc_empty_space height=&#8221;&#8221; hide_on_desktop=&#8221;&#8221; hide_on_notebook=&#8221;&#8221; hide_on_tablet=&#8221;&#8221; hide_on_mobile=&#8221;&#8221;][vc_empty_space height=&#8221;&#8221; hide_on_desktop=&#8221;&#8221; hide_on_notebook=&#8221;&#8221; hide_on_tablet=&#8221;&#8221; hide_on_mobile=&#8221;&#8221;][\/vc_column][\/vc_row][vc_row][vc_column icons_position=&#8221;left&#8221;][vc_empty_space height=&#8221;4.5em&#8221; alter_height=&#8221;none&#8221; hide_on_desktop=&#8221;&#8221; hide_on_notebook=&#8221;&#8221; hide_on_tablet=&#8221;&#8221; hide_on_mobile=&#8221;&#8221;][\/vc_column][\/vc_row]<\/p>\n","protected":false},"author":1,"featured_media":0,"parent":0,"menu_order":0,"comment_status":"closed","ping_status":"closed","template":"","meta":{"footnotes":""},"class_list":["post-297","page","type-page","status-publish","hentry"],"yoast_head":"<!-- This site is optimized with the Yoast SEO plugin v20.3 - https:\/\/yoast.com\/wordpress\/plugins\/seo\/ -->\r\n<title>Prepara y consulta tu viaje con una experta - Patiperro Viajes<\/title>\r\n<meta name=\"description\" content=\"Asesor\u00eda personalizada. Deja en nuestras manos tu viaje, todo lo que tienes que hacer es disfrutar de tus vacaciones. Hacemos la gesti\u00f3n de pasajes, reservas y tr\u00e1mites de visa.\" \/>\r\n<meta name=\"robots\" content=\"index, follow, max-snippet:-1, max-image-preview:large, max-video-preview:-1\" \/>\r\n<link rel=\"canonical\" href=\"https:\/\/patiperro.cl\/viajes\/servicios\/\" \/>\r\n<meta property=\"og:locale\" content=\"es_ES\" \/>\r\n<meta property=\"og:type\" content=\"article\" \/>\r\n<meta property=\"og:title\" content=\"Prepara y consulta tu viaje con una experta - Patiperro Viajes\" \/>\r\n<meta property=\"og:description\" content=\"Asesor\u00eda personalizada. Deja en nuestras manos tu viaje, todo lo que tienes que hacer es disfrutar de tus vacaciones. Hacemos la gesti\u00f3n de pasajes, reservas y tr\u00e1mites de visa.\" \/>\r\n<meta property=\"og:url\" content=\"https:\/\/patiperro.cl\/viajes\/servicios\/\" \/>\r\n<meta property=\"og:site_name\" content=\"Patiperro Viajes\" \/>\r\n<meta property=\"article:modified_time\" content=\"2023-07-11T01:50:18+00:00\" \/>\r\n<meta name=\"twitter:card\" content=\"summary_large_image\" \/>\r\n<meta name=\"twitter:label1\" content=\"Est. reading time\" \/>\n\t<meta name=\"twitter:data1\" content=\"1 minuto\" \/>\r\n<script type=\"application\/ld+json\" class=\"yoast-schema-graph\">{\"@context\":\"https:\/\/schema.org\",\"@graph\":[{\"@type\":\"WebPage\",\"@id\":\"https:\/\/patiperro.cl\/viajes\/servicios\/\",\"url\":\"https:\/\/patiperro.cl\/viajes\/servicios\/\",\"name\":\"Prepara y consulta tu viaje con una experta - Patiperro Viajes\",\"isPartOf\":{\"@id\":\"https:\/\/patiperro.cl\/viajes\/#website\"},\"datePublished\":\"2023-02-15T18:12:51+00:00\",\"dateModified\":\"2023-07-11T01:50:18+00:00\",\"description\":\"Asesor\u00eda personalizada. Deja en nuestras manos tu viaje, todo lo que tienes que hacer es disfrutar de tus vacaciones. Hacemos la gesti\u00f3n de pasajes, reservas y tr\u00e1mites de visa.\",\"breadcrumb\":{\"@id\":\"https:\/\/patiperro.cl\/viajes\/servicios\/#breadcrumb\"},\"inLanguage\":\"es-CL\",\"potentialAction\":[{\"@type\":\"ReadAction\",\"target\":[\"https:\/\/patiperro.cl\/viajes\/servicios\/\"]}]},{\"@type\":\"BreadcrumbList\",\"@id\":\"https:\/\/patiperro.cl\/viajes\/servicios\/#breadcrumb\",\"itemListElement\":[{\"@type\":\"ListItem\",\"position\":1,\"name\":\"Portada\",\"item\":\"https:\/\/patiperro.cl\/viajes\/\"},{\"@type\":\"ListItem\",\"position\":2,\"name\":\"Servicios\"}]},{\"@type\":\"WebSite\",\"@id\":\"https:\/\/patiperro.cl\/viajes\/#website\",\"url\":\"https:\/\/patiperro.cl\/viajes\/\",\"name\":\"Patiperro Viajes\",\"description\":\"\",\"potentialAction\":[{\"@type\":\"SearchAction\",\"target\":{\"@type\":\"EntryPoint\",\"urlTemplate\":\"https:\/\/patiperro.cl\/viajes\/?s={search_term_string}\"},\"query-input\":\"required name=search_term_string\"}],\"inLanguage\":\"es-CL\"}]}<\/script>\r\n<!-- \/ Yoast SEO plugin. -->","yoast_head_json":{"title":"Prepara y consulta tu viaje con una experta - Patiperro Viajes","description":"Asesor\u00eda personalizada. Deja en nuestras manos tu viaje, todo lo que tienes que hacer es disfrutar de tus vacaciones. Hacemos la gesti\u00f3n de pasajes, reservas y tr\u00e1mites de visa.","robots":{"index":"index","follow":"follow","max-snippet":"max-snippet:-1","max-image-preview":"max-image-preview:large","max-video-preview":"max-video-preview:-1"},"canonical":"https:\/\/patiperro.cl\/viajes\/servicios\/","og_locale":"es_ES","og_type":"article","og_title":"Prepara y consulta tu viaje con una experta - Patiperro Viajes","og_description":"Asesor\u00eda personalizada. Deja en nuestras manos tu viaje, todo lo que tienes que hacer es disfrutar de tus vacaciones. Hacemos la gesti\u00f3n de pasajes, reservas y tr\u00e1mites de visa.","og_url":"https:\/\/patiperro.cl\/viajes\/servicios\/","og_site_name":"Patiperro Viajes","article_modified_time":"2023-07-11T01:50:18+00:00","twitter_card":"summary_large_image","twitter_misc":{"Est. reading time":"1 minuto"},"schema":{"@context":"https:\/\/schema.org","@graph":[{"@type":"WebPage","@id":"https:\/\/patiperro.cl\/viajes\/servicios\/","url":"https:\/\/patiperro.cl\/viajes\/servicios\/","name":"Prepara y consulta tu viaje con una experta - Patiperro Viajes","isPartOf":{"@id":"https:\/\/patiperro.cl\/viajes\/#website"},"datePublished":"2023-02-15T18:12:51+00:00","dateModified":"2023-07-11T01:50:18+00:00","description":"Asesor\u00eda personalizada. Deja en nuestras manos tu viaje, todo lo que tienes que hacer es disfrutar de tus vacaciones. Hacemos la gesti\u00f3n de pasajes, reservas y tr\u00e1mites de visa.","breadcrumb":{"@id":"https:\/\/patiperro.cl\/viajes\/servicios\/#breadcrumb"},"inLanguage":"es-CL","potentialAction":[{"@type":"ReadAction","target":["https:\/\/patiperro.cl\/viajes\/servicios\/"]}]},{"@type":"BreadcrumbList","@id":"https:\/\/patiperro.cl\/viajes\/servicios\/#breadcrumb","itemListElement":[{"@type":"ListItem","position":1,"name":"Portada","item":"https:\/\/patiperro.cl\/viajes\/"},{"@type":"ListItem","position":2,"name":"Servicios"}]},{"@type":"WebSite","@id":"https:\/\/patiperro.cl\/viajes\/#website","url":"https:\/\/patiperro.cl\/viajes\/","name":"Patiperro Viajes","description":"","potentialAction":[{"@type":"SearchAction","target":{"@type":"EntryPoint","urlTemplate":"https:\/\/patiperro.cl\/viajes\/?s={search_term_string}"},"query-input":"required name=search_term_string"}],"inLanguage":"es-CL"}]}},"_links":{"self":[{"href":"https:\/\/patiperro.cl\/viajes\/wp-json\/wp\/v2\/pages\/297","targetHints":{"allow":["GET"]}}],"collection":[{"href":"https:\/\/patiperro.cl\/viajes\/wp-json\/wp\/v2\/pages"}],"about":[{"href":"https:\/\/patiperro.cl\/viajes\/wp-json\/wp\/v2\/types\/page"}],"author":[{"embeddable":true,"href":"https:\/\/patiperro.cl\/viajes\/wp-json\/wp\/v2\/users\/1"}],"replies":[{"embeddable":true,"href":"https:\/\/patiperro.cl\/viajes\/wp-json\/wp\/v2\/comments?post=297"}],"version-history":[{"count":7,"href":"https:\/\/patiperro.cl\/viajes\/wp-json\/wp\/v2\/pages\/297\/revisions"}],"predecessor-version":[{"id":756,"href":"https:\/\/patiperro.cl\/viajes\/wp-json\/wp\/v2\/pages\/297\/revisions\/756"}],"wp:attachment":[{"href":"https:\/\/patiperro.cl\/viajes\/wp-json\/wp\/v2\/media?parent=297"}],"curies":[{"name":"wp","href":"https:\/\/api.w.org\/{rel}","templated":true}]}}