{"id":257,"date":"2023-02-03T15:30:36","date_gmt":"2023-02-03T18:30:36","guid":{"rendered":"https:\/\/patiperro.cl\/viajes\/?page_id=257"},"modified":"2023-02-24T18:49:07","modified_gmt":"2023-02-24T21:49:07","slug":"mundo-viajero","status":"publish","type":"page","link":"https:\/\/patiperro.cl\/viajes\/mundo-viajero\/","title":{"rendered":"Mundo Viajero"},"content":{"rendered":"<section class=\"wpb-content-wrapper\"><p>[vc_row][vc_column icons_position=&#8221;left&#8221;]<div id=\"sc_services_1097419388\" class=\"sc_services sc_services_default sc_services_featured_top\"><div class=\"sc_services_columns_wrap sc_item_columns sc_item_posts_container sc_item_columns_3 trx_addons_columns_wrap columns_padding_bottom\">\t<div class=\"trx_addons_column-1_3\">\n\t<div \nclass=\"sc_services_item no_links with_content with_image sc_services_item_featured_top post-589 destinos type-destinos status-publish format-standard has-post-thumbnail hentry programas-mundo-viajero\">\n\t<div class=\"post_featured with_thumb hover_icon sc_services_item_thumb\"><img loading=\"lazy\" decoding=\"async\" width=\"390\" height=\"270\" src=\"https:\/\/patiperro.cl\/viajes\/wp-content\/uploads\/2023\/02\/Viaje_Inglaterra_Patiperro-390x270.jpg\" class=\"attachment-vagabonds-thumb-med size-vagabonds-thumb-med wp-post-image\" alt=\"\" srcset=\"https:\/\/patiperro.cl\/viajes\/wp-content\/uploads\/2023\/02\/Viaje_Inglaterra_Patiperro-390x270.jpg 390w, https:\/\/patiperro.cl\/viajes\/wp-content\/uploads\/2023\/02\/Viaje_Inglaterra_Patiperro-780x540.jpg 780w\" sizes=\"auto, (max-width: 390px) 100vw, 390px\" \/>\t\t\t\t\t\t<div class=\"mask\"><\/div>\n\t\t\t\t\t\t\t\t\t<div class=\"icons\"><a href=\"https:\/\/patiperro.cl\/viajes\/destinos\/grupo-reino-unido\/\" aria-hidden=\"true\" class=\"icon-search-alt\"><\/a><\/div>\n\t\t\t<\/div>\t\t\n\t<div class=\"sc_services_item_info\">\n\t\t<div class=\"sc_services_item_header\">\n\t\t\t<h6 class=\"sc_services_item_title\n\t\t\t\t\t\t\">\n\t\t\t\t\t\t\t\t\t\t\t\t\t\t\t\t\t\t\t<a href=\"https:\/\/patiperro.cl\/viajes\/destinos\/grupo-reino-unido\/\">\n\t\t\t\t\t\t\t\t\t\t\t\t\t\t\tGrupo Reino Unido\t\t\t\t\t<\/a>\n\t\t\t\t\t\t\t\t\t\t\t\t\t\t\t\t\t\t\t<\/h6>\n<!--\t\t\t<div class=\"sc_services_item_subtitle\">-->\n\n<!--<\/div>-->\n\t\t<\/div>\n\t\t\t\t\t<div class=\"sc_services_item_content\"><p>Conocer\u00e1s : Londres \/ Cambridge \/ York \/ Leeds \/ Bradford \/ Durham \/ The Borders \/ Edimburgo \/ Saint Andrews \/ Tierras Altas \/ Lago Ness \/ Glasgow \u00a0\/ Belfast \/Kylemore \/ Connemara \/ Galway \/ Acantilados de Moher \/ Limerick \/ Condado de Kerry \/ Killarney \/ Cork \u00a0Cashel \/ Dubl\u00edn<\/p>\n<\/div>\n\t\t\t\t\t\t\t\t\t\t\t\t\t\t\t\t\t   \t\t\t\t<div class=\"sc_services_item_button sc_item_button\"><a href=\"https:\/\/patiperro.cl\/viajes\/destinos\/grupo-reino-unido\/\" class=\"sc_button sc_button_dafault\">Ver M\u00e1s<\/a><\/div>\n\t\t\t\t\t\t\t\t\t\t\t\t\t\t\t\t\t\t\t\t<\/div>\n<\/div>\n\t<\/div>\t<div class=\"trx_addons_column-1_3\">\n\t<div \nclass=\"sc_services_item no_links with_content with_image sc_services_item_featured_top post-729 destinos type-destinos status-publish format-standard has-post-thumbnail hentry programas-mundo-viajero\">\n\t<div class=\"post_featured with_thumb hover_icon sc_services_item_thumb\"><img loading=\"lazy\" decoding=\"async\" width=\"390\" height=\"270\" src=\"https:\/\/patiperro.cl\/viajes\/wp-content\/uploads\/2023\/05\/Portugal-390x270.png\" class=\"attachment-vagabonds-thumb-med size-vagabonds-thumb-med wp-post-image\" alt=\"\" srcset=\"https:\/\/patiperro.cl\/viajes\/wp-content\/uploads\/2023\/05\/Portugal-390x270.png 390w, https:\/\/patiperro.cl\/viajes\/wp-content\/uploads\/2023\/05\/Portugal-780x540.png 780w\" sizes=\"auto, (max-width: 390px) 100vw, 390px\" \/>\t\t\t\t\t\t<div class=\"mask\"><\/div>\n\t\t\t\t\t\t\t\t\t<div class=\"icons\"><a href=\"https:\/\/patiperro.cl\/viajes\/destinos\/grupo-travesia-iberica\/\" aria-hidden=\"true\" class=\"icon-search-alt\"><\/a><\/div>\n\t\t\t<\/div>\t\t\n\t<div class=\"sc_services_item_info\">\n\t\t<div class=\"sc_services_item_header\">\n\t\t\t<h6 class=\"sc_services_item_title\n\t\t\t\t\t\t\">\n\t\t\t\t\t\t\t\t\t\t\t\t\t\t\t\t\t\t\t<a href=\"https:\/\/patiperro.cl\/viajes\/destinos\/grupo-travesia-iberica\/\">\n\t\t\t\t\t\t\t\t\t\t\t\t\t\t\tGrupo travesia iberica\t\t\t\t\t<\/a>\n\t\t\t\t\t\t\t\t\t\t\t\t\t\t\t\t\t\t\t<\/h6>\n<!--\t\t\t<div class=\"sc_services_item_subtitle\">-->\n\n<!--<\/div>-->\n\t\t<\/div>\n\t\t\t\t\t<div class=\"sc_services_item_content\"><p>Conocer\u00e1s : Portugal, Espa\u00f1a<\/p>\n<\/div>\n\t\t\t\t\t\t\t\t\t\t\t\t\t\t\t\t\t   \t\t\t\t<div class=\"sc_services_item_button sc_item_button\"><a href=\"https:\/\/patiperro.cl\/viajes\/destinos\/grupo-travesia-iberica\/\" class=\"sc_button sc_button_dafault\">Ver M\u00e1s<\/a><\/div>\n\t\t\t\t\t\t\t\t\t\t\t\t\t\t\t\t\t\t\t\t<\/div>\n<\/div>\n\t<\/div>\t<div class=\"trx_addons_column-1_3\">\n\t<div \nclass=\"sc_services_item no_links with_content with_image sc_services_item_featured_top post-841 destinos type-destinos status-publish format-standard has-post-thumbnail hentry programas-mundo-viajero\">\n\t<div class=\"post_featured with_thumb hover_icon sc_services_item_thumb\"><img loading=\"lazy\" decoding=\"async\" width=\"390\" height=\"270\" src=\"https:\/\/patiperro.cl\/viajes\/wp-content\/uploads\/2025\/09\/web-espana-1920-x-1080-390x270.jpg\" class=\"attachment-vagabonds-thumb-med size-vagabonds-thumb-med wp-post-image\" alt=\"viaje a espa\u00f1a arquitectura 2026\" srcset=\"https:\/\/patiperro.cl\/viajes\/wp-content\/uploads\/2025\/09\/web-espana-1920-x-1080-390x270.jpg 390w, https:\/\/patiperro.cl\/viajes\/wp-content\/uploads\/2025\/09\/web-espana-1920-x-1080-780x540.jpg 780w\" sizes=\"auto, (max-width: 390px) 100vw, 390px\" \/>\t\t\t\t\t\t<div class=\"mask\"><\/div>\n\t\t\t\t\t\t\t\t\t<div class=\"icons\"><a href=\"https:\/\/patiperro.cl\/viajes\/destinos\/espana-arquitectura-diseno-y-cultura-2026\/\" aria-hidden=\"true\" class=\"icon-search-alt\"><\/a><\/div>\n\t\t\t<\/div>\t\t\n\t<div class=\"sc_services_item_info\">\n\t\t<div class=\"sc_services_item_header\">\n\t\t\t<h6 class=\"sc_services_item_title\n\t\t\t\t\t\t\">\n\t\t\t\t\t\t\t\t\t\t\t\t\t\t\t\t\t\t\t<a href=\"https:\/\/patiperro.cl\/viajes\/destinos\/espana-arquitectura-diseno-y-cultura-2026\/\">\n\t\t\t\t\t\t\t\t\t\t\t\t\t\t\tEspa\u00f1a arquitectura y dise\u00f1o  2026\t\t\t\t\t<\/a>\n\t\t\t\t\t\t\t\t\t\t\t\t\t\t\t\t\t\t\t<\/h6>\n<!--\t\t\t<div class=\"sc_services_item_subtitle\">-->\n\n<!--<\/div>-->\n\t\t<\/div>\n\t\t\t\t\t<div class=\"sc_services_item_content\"><p>Conocer\u00e1s: Barcelona\/Valencia\/Madrid\/Bilbao<\/p>\n<\/div>\n\t\t\t\t\t\t\t\t\t\t\t\t\t\t\t\t\t   \t\t\t\t<div class=\"sc_services_item_button sc_item_button\"><a href=\"https:\/\/patiperro.cl\/viajes\/destinos\/espana-arquitectura-diseno-y-cultura-2026\/\" class=\"sc_button sc_button_dafault\">Ver M\u00e1s<\/a><\/div>\n\t\t\t\t\t\t\t\t\t\t\t\t\t\t\t\t\t\t\t\t<\/div>\n<\/div>\n\t<\/div><\/div><\/div><!-- \/.sc_services -->[\/vc_column][\/vc_row]<\/p>\n<\/section>","protected":false},"excerpt":{"rendered":"<p>[vc_row][vc_column icons_position=&#8221;left&#8221;][\/vc_column][\/vc_row]<\/p>\n","protected":false},"author":1,"featured_media":0,"parent":0,"menu_order":0,"comment_status":"closed","ping_status":"closed","template":"","meta":{"footnotes":""},"class_list":["post-257","page","type-page","status-publish","hentry"],"yoast_head":"<!-- This site is optimized with the Yoast SEO plugin v20.3 - https:\/\/yoast.com\/wordpress\/plugins\/seo\/ -->\r\n<title>Mundo Viajero - Patiperro Viajes<\/title>\r\n<meta name=\"description\" content=\"Descubre los destinos tur\u00edsticos m\u00e1s fascinantes del mundo para ti, en grupo y en familia. Nuestros paquetes a destinos tur\u00edsticos internacionales est\u00e1n dise\u00f1ados para proporcionarte la mejor experiencia. Conoce nuestros distintos programas de viaje con los destinos m\u00e1s buscados y hermosos de todo el mundo.Reserva tu viaje hoy mismo y descubre nuevos destinos.\" \/>\r\n<meta name=\"robots\" content=\"index, follow, max-snippet:-1, max-image-preview:large, max-video-preview:-1\" \/>\r\n<link rel=\"canonical\" href=\"https:\/\/patiperro.cl\/viajes\/mundo-viajero\/\" \/>\r\n<meta property=\"og:locale\" content=\"es_ES\" \/>\r\n<meta property=\"og:type\" content=\"article\" \/>\r\n<meta property=\"og:title\" content=\"Mundo Viajero - Patiperro Viajes\" \/>\r\n<meta property=\"og:description\" content=\"Descubre los destinos tur\u00edsticos m\u00e1s fascinantes del mundo para ti, en grupo y en familia. Nuestros paquetes a destinos tur\u00edsticos internacionales est\u00e1n dise\u00f1ados para proporcionarte la mejor experiencia. Conoce nuestros distintos programas de viaje con los destinos m\u00e1s buscados y hermosos de todo el mundo.Reserva tu viaje hoy mismo y descubre nuevos destinos.\" \/>\r\n<meta property=\"og:url\" content=\"https:\/\/patiperro.cl\/viajes\/mundo-viajero\/\" \/>\r\n<meta property=\"og:site_name\" content=\"Patiperro Viajes\" \/>\r\n<meta property=\"article:modified_time\" content=\"2023-02-24T21:49:07+00:00\" \/>\r\n<meta name=\"twitter:card\" content=\"summary_large_image\" \/>\r\n<meta name=\"twitter:label1\" content=\"Est. reading time\" \/>\n\t<meta name=\"twitter:data1\" content=\"1 minuto\" \/>\r\n<script type=\"application\/ld+json\" class=\"yoast-schema-graph\">{\"@context\":\"https:\/\/schema.org\",\"@graph\":[{\"@type\":\"WebPage\",\"@id\":\"https:\/\/patiperro.cl\/viajes\/mundo-viajero\/\",\"url\":\"https:\/\/patiperro.cl\/viajes\/mundo-viajero\/\",\"name\":\"Mundo Viajero - Patiperro Viajes\",\"isPartOf\":{\"@id\":\"https:\/\/patiperro.cl\/viajes\/#website\"},\"datePublished\":\"2023-02-03T18:30:36+00:00\",\"dateModified\":\"2023-02-24T21:49:07+00:00\",\"description\":\"Descubre los destinos tur\u00edsticos m\u00e1s fascinantes del mundo para ti, en grupo y en familia. Nuestros paquetes a destinos tur\u00edsticos internacionales est\u00e1n dise\u00f1ados para proporcionarte la mejor experiencia. Conoce nuestros distintos programas de viaje con los destinos m\u00e1s buscados y hermosos de todo el mundo.Reserva tu viaje hoy mismo y descubre nuevos destinos.\",\"breadcrumb\":{\"@id\":\"https:\/\/patiperro.cl\/viajes\/mundo-viajero\/#breadcrumb\"},\"inLanguage\":\"es-CL\",\"potentialAction\":[{\"@type\":\"ReadAction\",\"target\":[\"https:\/\/patiperro.cl\/viajes\/mundo-viajero\/\"]}]},{\"@type\":\"BreadcrumbList\",\"@id\":\"https:\/\/patiperro.cl\/viajes\/mundo-viajero\/#breadcrumb\",\"itemListElement\":[{\"@type\":\"ListItem\",\"position\":1,\"name\":\"Portada\",\"item\":\"https:\/\/patiperro.cl\/viajes\/\"},{\"@type\":\"ListItem\",\"position\":2,\"name\":\"Mundo Viajero\"}]},{\"@type\":\"WebSite\",\"@id\":\"https:\/\/patiperro.cl\/viajes\/#website\",\"url\":\"https:\/\/patiperro.cl\/viajes\/\",\"name\":\"Patiperro Viajes\",\"description\":\"\",\"potentialAction\":[{\"@type\":\"SearchAction\",\"target\":{\"@type\":\"EntryPoint\",\"urlTemplate\":\"https:\/\/patiperro.cl\/viajes\/?s={search_term_string}\"},\"query-input\":\"required name=search_term_string\"}],\"inLanguage\":\"es-CL\"}]}<\/script>\r\n<!-- \/ Yoast SEO plugin. -->","yoast_head_json":{"title":"Mundo Viajero - Patiperro Viajes","description":"Descubre los destinos tur\u00edsticos m\u00e1s fascinantes del mundo para ti, en grupo y en familia. Nuestros paquetes a destinos tur\u00edsticos internacionales est\u00e1n dise\u00f1ados para proporcionarte la mejor experiencia. Conoce nuestros distintos programas de viaje con los destinos m\u00e1s buscados y hermosos de todo el mundo.Reserva tu viaje hoy mismo y descubre nuevos destinos.","robots":{"index":"index","follow":"follow","max-snippet":"max-snippet:-1","max-image-preview":"max-image-preview:large","max-video-preview":"max-video-preview:-1"},"canonical":"https:\/\/patiperro.cl\/viajes\/mundo-viajero\/","og_locale":"es_ES","og_type":"article","og_title":"Mundo Viajero - Patiperro Viajes","og_description":"Descubre los destinos tur\u00edsticos m\u00e1s fascinantes del mundo para ti, en grupo y en familia. Nuestros paquetes a destinos tur\u00edsticos internacionales est\u00e1n dise\u00f1ados para proporcionarte la mejor experiencia. Conoce nuestros distintos programas de viaje con los destinos m\u00e1s buscados y hermosos de todo el mundo.Reserva tu viaje hoy mismo y descubre nuevos destinos.","og_url":"https:\/\/patiperro.cl\/viajes\/mundo-viajero\/","og_site_name":"Patiperro Viajes","article_modified_time":"2023-02-24T21:49:07+00:00","twitter_card":"summary_large_image","twitter_misc":{"Est. reading time":"1 minuto"},"schema":{"@context":"https:\/\/schema.org","@graph":[{"@type":"WebPage","@id":"https:\/\/patiperro.cl\/viajes\/mundo-viajero\/","url":"https:\/\/patiperro.cl\/viajes\/mundo-viajero\/","name":"Mundo Viajero - Patiperro Viajes","isPartOf":{"@id":"https:\/\/patiperro.cl\/viajes\/#website"},"datePublished":"2023-02-03T18:30:36+00:00","dateModified":"2023-02-24T21:49:07+00:00","description":"Descubre los destinos tur\u00edsticos m\u00e1s fascinantes del mundo para ti, en grupo y en familia. Nuestros paquetes a destinos tur\u00edsticos internacionales est\u00e1n dise\u00f1ados para proporcionarte la mejor experiencia. Conoce nuestros distintos programas de viaje con los destinos m\u00e1s buscados y hermosos de todo el mundo.Reserva tu viaje hoy mismo y descubre nuevos destinos.","breadcrumb":{"@id":"https:\/\/patiperro.cl\/viajes\/mundo-viajero\/#breadcrumb"},"inLanguage":"es-CL","potentialAction":[{"@type":"ReadAction","target":["https:\/\/patiperro.cl\/viajes\/mundo-viajero\/"]}]},{"@type":"BreadcrumbList","@id":"https:\/\/patiperro.cl\/viajes\/mundo-viajero\/#breadcrumb","itemListElement":[{"@type":"ListItem","position":1,"name":"Portada","item":"https:\/\/patiperro.cl\/viajes\/"},{"@type":"ListItem","position":2,"name":"Mundo Viajero"}]},{"@type":"WebSite","@id":"https:\/\/patiperro.cl\/viajes\/#website","url":"https:\/\/patiperro.cl\/viajes\/","name":"Patiperro Viajes","description":"","potentialAction":[{"@type":"SearchAction","target":{"@type":"EntryPoint","urlTemplate":"https:\/\/patiperro.cl\/viajes\/?s={search_term_string}"},"query-input":"required name=search_term_string"}],"inLanguage":"es-CL"}]}},"_links":{"self":[{"href":"https:\/\/patiperro.cl\/viajes\/wp-json\/wp\/v2\/pages\/257","targetHints":{"allow":["GET"]}}],"collection":[{"href":"https:\/\/patiperro.cl\/viajes\/wp-json\/wp\/v2\/pages"}],"about":[{"href":"https:\/\/patiperro.cl\/viajes\/wp-json\/wp\/v2\/types\/page"}],"author":[{"embeddable":true,"href":"https:\/\/patiperro.cl\/viajes\/wp-json\/wp\/v2\/users\/1"}],"replies":[{"embeddable":true,"href":"https:\/\/patiperro.cl\/viajes\/wp-json\/wp\/v2\/comments?post=257"}],"version-history":[{"count":4,"href":"https:\/\/patiperro.cl\/viajes\/wp-json\/wp\/v2\/pages\/257\/revisions"}],"predecessor-version":[{"id":642,"href":"https:\/\/patiperro.cl\/viajes\/wp-json\/wp\/v2\/pages\/257\/revisions\/642"}],"wp:attachment":[{"href":"https:\/\/patiperro.cl\/viajes\/wp-json\/wp\/v2\/media?parent=257"}],"curies":[{"name":"wp","href":"https:\/\/api.w.org\/{rel}","templated":true}]}}